y 179.
158
What is the remainder when 4052 is divided by 1044?
920
What is the remainder when 20821 is divided by 93?
82
What is the remainder when 681 is divided by 662?
19
What is the remainder when 3638 is divided by 14?
12
What is the remainder when 2763628 is divided by 24?
4
What is the remainder when 1318 is divided by 137?
85
What is the remainder when 3674 is divided by 102?
2
Calculate the remainder when 27259 is divided by 118.
1
What is the remainder when 251 is divided by 23?
21
Calculate the remainder when 734517 is divided by 10.
7
Calculate the remainder when 26820 is divided by 440.
420
What is the remainder when 8139 is divided by 59?
56
What is the remainder when 806 is divided by 270?
266
What is the remainder when 234357 is divided by 62?
59
Calculate the remainder when 4465 is divided by 63.
55
Calculate the remainder when 81562 is divided by 21.
19
Calculate the remainder when 3823 is divided by 678.
433
What is the remainder when 243 is divided by 46?
13
What is the remainder when 3709753 is divided by 105?
103
Calculate the remainder when 174487 is divided by 433.
421
Calculate the remainder when 63681 is divided by 1026.
69
What is the remainder when 78704 is divided by 13115?
14
What is the remainder when 234459 is divided by 27?
18
Calculate the remainder when 130949 is divided by 126.
35
What is the remainder when 6418 is divided by 193?
49
What is the remainder when 18736 is divided by 1180?
1036
Calculate the remainder when 16294 is divided by 4065.
34
Calculate the remainder when 92746 is divided by 6.
4
What is the remainder when 346 is divided by 53?
28
What is the remainder when 5630 is divided by 296?
6
Calculate the remainder when 1407 is divided by 468.
3
Calculate the remainder when 42002 is divided by 13999.
5
What is the remainder when 1764 is divided by 282?
72
Calculate the remainder when 525 is divided by 47.
8
Calculate the remainder when 148625 is divided by 449.
6
What is the remainder when 10021 is divided by 152?
141
Calculate the remainder when 3898 is divided by 193.
38
What is the remainder when 1180 is divided by 198?
190
What is the remainder when 74255 is divided by 119?
118
What is the remainder when 4957 is divided by 66?
7
What is the remainder when 4936 is divided by 496?
472
What is the remainder when 40808 is divided by 223?
222
Calculate the remainder when 8733 is divided by 24.
21
What is the remainder when 551 is divided by 149?
104
What is the remainder when 1207 is divided by 1201?
6
What is the remainder when 292979 is divided by 10?
9
What is the remainder when 1645 is divided by 476?
217
Calculate the remainder when 5780 is divided by 703.
156
What is the remainder when 11411 is divided by 5679?
53
Calculate the remainder when 129777 is divided by 210.
207
Calculate the remainder when 63540 is divided by 623.
617
Calculate the remainder when 132278 is divided by 110.
58
Calculate the remainder when 50868 is divided by 93.
90
Calculate the remainder when 4690 is divided by 5.
0
Calculate the remainder when 54341 is divided by 107.
92
What is the remainder when 38187 is divided by 19?
16
What is the remainder when 458345 is divided by 307?
301
Calculate the remainder when 141123 is divided by 13.
8
Calculate the remainder when 359 is divided by 239.
120
What is the remainder when 54975 is divided by 54966?
9
Calculate the remainder when 20218 is divided by 10106.
6
Calculate the remainder when 14888 is divided by 4827.
407
Calculate the remainder when 167402 is divided by 28.
18
Calculate the remainder when 2351011 is divided by 17.
13
What is the remainder when 15746 is divided by 177?
170
What is the remainder when 227547 is divided by 410?
407
Calculate the remainder when 734756 is divided by 36.
32
Calculate the remainder when 5167 is divided by 51.
16
Calculate the remainder when 139351 is divided by 416.
407
Calculate the remainder when 120478 is divided by 17210.
8
What is the remainder when 5802 is divided by 1432?
74
Calculate the remainder when 2412 is divided by 1206.
0
What is the remainder when 329 is divided by 163?
3
What is the remainder when 5401 is divided by 5381?
20
What is the remainder when 3478061 is divided by 673?
670
What is the remainder when 10780 is divided by 680?
580
What is the remainder when 6266 is divided by 420?
386
Calculate the remainder when 28259 is divided by 69.
38
Calculate the remainder when 209951 is divided by 48.
47
What is the remainder when 91443 is divided by 46?
41
Calculate the remainder when 8760 is divided by 107.
93
Calculate the remainder when 22655 is divided by 5564.
399
Calculate the remainder when 7262 is divided by 1022.
108
Calculate the remainder when 3820 is divided by 949.
24
Calculate the remainder when 878 is divided by 429.
20
What is the remainder when 8622 is divided by 8590?
32
What is the remainder when 95771 is divided by 13679?
18
Calculate the remainder when 3342 is divided by 229.
136
Calculate the remainder when 204627 is divided by 17.
15
What is the remainder when 11399 is divided by 670?
9
Calculate the remainder when 16907 is divided by 41.
15
What is the remainder when 567267 is divided by 15?
12
Calculate the remainder when 1039 is divided by 182.
129
What is the remainder when 5857731 is divided by 679?
677
Calculate the remainder when 767 is divided by 253.
8
Calculate the remainder when 6490 is divided by 2089.
223
Calculate the remainder when 8216 is divided by 1024.
24
Calculate the remainder when 234574 is divided by 81.
79
What is the remainder when 92921 is divided by 48?
41
What is the remainder when 3227120 is divided by 67?
65
What is the remainder when 5030837 is divided by 269?
268
What is the remainder when 14132 is divided by 35?
27
Calculate the remainder when 2622 is divided by 547.
434
Calculate the remainder when 27769 is divided by 3965.
14
What is the remainder when 36761 is divided by 171?
167
What is the remainder when 227877 is divided by 191?
14
Calculate the remainder when 401915 is divided by 559.
553
Calculate the remainder when 223359 is divided by 17.
13
What is the remainder when 11930 is divided by 1083?
17
What is the remainder when 17464 is divided by 72?
40
Calculate the remainder when 118723 is divided by 16958.
17
What is the remainder when 27889 is divided by 27?
25
What is the remainder when 95769 is divided by 308?
289
Calculate the remainder when 4731 is divided by 199.
154
Calculate the remainder when 1001 is divided by 99.
11
What is the remainder when 6272 is divided by 153?
152
Calculate the remainder when 32662 is divided by 18.
10
Calculate the remainder when 860967 is divided by 286988.
3
Calculate the remainder when 4794461 is divided by 16.
13
What is the remainder when 7258 is divided by 142?
16
What is the remainder when 37680 is divided by 784?
48
What is the remainder when 2619 is divided by 1307?
5
What is the remainder when 58858 is divided by 193?
186
Calculate the remainder when 14841 is divided by 14813.
28
Calculate the remainder when 5199 is divided by 27.
15
What is the remainder when 32799 is divided by 100?
99
Calculate the remainder when 1066517 is divided by 307.
306
What is the remainder when 7988 is divided by 53?
38
Calculate the remainder when 26194 is divided by 84.
70
What is the remainder when 2389 is divided by 487?
441
What is the remainder when 98105 is divided by 110?
95
Calculate the remainder when 5575 is divided by 506.
9
What is the remainder when 6553 is divided by 23?
21
Calculate the remainder when 524 is divided by 36.
20
What is the remainder when 433452 is divided by 34?
20
What is the remainder when 36806 is divided by 101?
42
Calculate the remainder when 18269 is divided by 17.
11
What is the remainder when 62341 is divided by 20759?
64
Calculate the remainder when 2504 is divided by 1065.
374
What is the remainder when 2361 is divided by 297?
282
What is the remainder when 361134 is divided by 29?
26
What is the remainder when 30796 is divided by 15394?
8
What is the remainder when 5075306 is divided by 574?
572
Calculate the remainder when 1366 is divided by 667.
32
What is the remainder when 47292 is divided by 157?
35
What is the remainder when 271889 is divided by 1007?
1006
What is the remainder wh